 m.
2
Let j(h) = -h**2 + 3*h - 58. Let s(g) = g - 1. Let t(r) = -j(r) + 4*s(r). List the prime factors of t(10).
2, 41
Suppose 30 = 3*k - 1152. List the prime factors of k.
2, 197
Let i(d) = -d**3 + d**2 + 6*d - 3. Let n be ((-8)/14)/(6/(-21)). Let x be i(n). Suppose 9*g - 180 = 4*g + 2*z, -185 = -x*g + 3*z. List the prime factors of g.
2, 17
Suppose -6*s + 6 = -9*s. Let r be (-1)/s + 3531/22. What are the prime factors of r/3 - 4/(-12)?
2, 3
Let i = 5 + -3. Suppose 3*q + 27 = i*o + 2*o, -o - 2*q = -4. Let r(p) = -p**2 + 11*p + 9. List the prime factors of r(o).
3, 13
Suppose 16*a - 13*a - 3036 = 0. List the prime factors of a.
2, 11, 23
Let p = 6142 + -3410. What are the prime factors of p?
2, 683
Let h(g) = -g**3 + 8*g**2 + 4. Let m be h(8). Suppose 2*f + 22 = m*f. What are the prime factors of f?
11
Suppose -3*z + 31 = -y, -3*z + 2*y + 2 = -2*z. What are the prime factors of z*1*(-30)/(-9)?
2, 5
Suppose 0 = -t - x + 5*x - 18, 5*x = -2*t - 10. Let l be (2 - (t - 2)) + -2. What are the prime factors of (-374)/(-14) - l/(-42)?
3
Let s be -3 + (-12)/(-1 + -3). Let h be (-33)/(-11) + s/2. List the prime factors of 2/(h + 124/(-44)).
11
Suppose 5*z - 6*z = 0. Suppose -20 = -5*f, u + 2*f + 2*f - 86 = z. Suppose -q - 7*b = -2*b - 27, 0 = -3*q - 4*b + u. What are the prime factors of q?
2, 11
Suppose -3*o + 10 = 16. List the prime factors of (-20)/110 + (o - (-686)/22).
29
Let o(h) = -17*h + 14. List the prime factors of o(-45).
19, 41
Let x = -2467 + 5242. List the prime factors of x.
3, 5, 37
What are the prime factors of (1108/(-2))/((-186)/279)?
3, 277
Suppose -221*s = -233*s + 25320. List the prime factors of s.
2, 5, 211
Let b(x) = -24*x**2 - 17*x + 21. Let h be b(12). What are the prime factors of h/(-21) + 6/(-21)?
173
Suppose -50*t = -45*t - 40. Suppose 0 = 3*p - 5*p + 2. Let v = t - p. What are the prime factors of v?
7
Suppose -3*a = g - 3*g - 234, a = 5*g + 78. Suppose x + x - a = 4*m, 0 = -5*m + 25. What are the prime factors of x?
7
Let s(b) = 2*b**3 - 4*b**2 - 6*b - 2. Suppose 0 = 6*m + 5*m - 44. What are the prime factors of s(m)?
2, 19
Let k = 1398 - 858. What are the prime factors of k?
2, 3, 5
Let c(r) = 4*r - 5. Let y(x) = 2*x - 4. Let l be y(5). Let f be c(l). Let o = f + -14. List the prime factors of o.
5
Suppose s - 260 = -8. Suppose 0 = -3*f - d + 255, 5*f + 2*d - 174 - s = 0. What are the prime factors of f?
2, 3, 7
List the prime factors of 7 - (-5 + 12) - -1734.
2, 3, 17
Let x(a) = -13*a**2 + a + 2. Let j(m) = -14*m**2 + 3. Let s(q) = 3*j(q) - 4*x(q). What are the prime factors of s(6)?
337
Suppose 0 = -2*f - 4 - 38. Let n be 1/(-4 - f/5). Suppose 74 = n*d - 106. What are the prime factors of d?
2, 3
Let x(z) = 8*z + 3*z**2 - 9*z**2 - 2 + 2*z**2 - z**3. What are the prime factors of x(-7)?
89
Let b(u) = -24*u**2 + u. Let v be b(1). Let f = v - -13. List the prime factors of (78/15)/((-4)/f).
13
Let n(b) = -80*b**3 - 12*b**2 + 3*b + 1. List the prime factors of n(-3).
2, 7, 73
Let l = -13 + 11. Let x(w) = -w**2 - 1. Let p be x(l). Let f(m) = -m**2 - 6*m. What are the prime factors of f(p)?
5
Let u(r) = 3*r**2 - 2*r + 667. List the prime factors of u(0).
23, 29
Suppose 48752 = -36*i + 52*i. List the prime factors of i.
11, 277
Let n = 432 - 252. List the prime factors of n.
2, 3, 5
Let x = 77 - 77. Suppose x = 2*v + v - 168. What are the prime factors of v?
2, 7
Suppose 0 = 3*s - 0*k - k - 18, 0 = -3*s + 2*k + 15. Suppose -s*n + 43 = -328. List the prime factors of n.
53
Let b be (90 - 0) + -11 + 10. Suppose 0 = 5*g - 3*p - b, 2*g - 3*p - 57 = -g. List the prime factors of 7 + -2 + g/8.
7
Let r(s) = 0*s - s - 17 - 3*s. Suppose -w - 3*i - 22 = 0, -2*w - 2*i = 22 + 2. What are the prime factors of r(w)?
11
Let p be 0 + -6*5/(-15). Suppose -f - 7 = -p*f. Let q(b) = b**2 - b + 4. What are the prime factors of q(f)?
2, 23
Suppose 0 = 5*p + 5*h + 10, 5*p + 0 = 4*h - 1. Let y = 4 + p. Suppose 38 = 5*j - y*j. List the prime factors of j.
19
Suppose 2719*w - 2704*w = 76290. What are the prime factors of w?
2, 2543
What are the prime factors of (34 + -37)*2543/(-3)?
2543
Suppose 21 = 22*o - 19*o. List the prime factors of (o - 8)*(1 - 130).
3, 43
Suppose -5*f + 1254 = -2*a, -f + a + 1005 = 3*f. Suppose 5*d + 3*i - 426 = 0, -4*i - f = -2*d - 66. What are the prime factors of d?
3, 29
Suppose -89999 = 78*c - 121*c. What are the prime factors of c?
7, 13, 23
Suppose u + 99 = -24. Let x = -59 - u. What are the prime factors of x?
2
Suppose -p + 6*s + 28 = s, -3*p = 4*s + 11. Suppose -p*o - 432 = -2*l - 3*l, -3*l - 4*o + 265 = 0. What are the prime factors of l?
3, 29
Let i be 3/5 - 1314/90. Let v(s) = -s + 10. What are the prime factors of v(i)?
2, 3
Let f = 627 + -316. Let r = f - 162. List the prime factors of r.
149
Suppose 14*u = 11*u + 813. What are the prime factors of u?
271
List the prime factors of 4610 + -33*(-5)/15.
4621
Let x be 23/(-1*(4 + -3)). Let z = 51 + x. List the prime factors of z.
2, 7
Suppose -18*u = -15*u + 18. Let l = -236 + 169. What are the prime factors of l/(-1) - (-4 - u)?
5, 13
Suppose -254*m + 255*m = 4008. What are the prime factors of m?
2, 3, 167
Let g = -305 - -339. What are the prime factors of g?
2, 17
Let f(i) = 8*i**3 + 3*i**2 + 8*i - 6. List the prime factors of f(4).
2, 293
Let f(u) = -u**3 + 8*u**2 - 6*u + 11. Suppose 0 = 4*i - 4*k - 8, 3*i - 5*k = 4*i - 26. Let s = i + 1. What are the prime factors of f(s)?
2, 3
Let f be 53/(-1) + -2*1. Let k = -301 + 406. Let d = f + k. List the prime factors of d.
2, 5
Suppose f = k + 4*k - 24, -5*k = f - 26. Suppose -k*l = 2*c - 2, 5*c + 13 = -3*l - 1. Let w = c + 14. What are the prime factors of w?
2, 5
Suppose 4*m = -4*j + 44, -4*m + 79 = -j - 2*j. Suppose -m = -3*z - z. Suppose -90 = -z*u - u. What are the prime factors of u?
2, 3
Let q(l) = 11*l**2 + 7*l. What are the prime factors of q(-7)?
2, 5, 7
Suppose p - 2*p - 12 = 0. Let a(y) = 7*y - 12. Let q be a(-3). Let w = p - q. What are the prime factors of w?
3, 7
Suppose 5*n - 5264 = -4*l, 6*l + 3*n = 2*l + 5256. What are the prime factors of l?
3, 19, 23
Let w(a) = a**3 + 9*a**2 - 10*a + 4. Let y be w(-10). Suppose y*h - 175 = -h. What are the prime factors of h?
5, 7
Suppose 0 = 2*q + 2*v + 8, 2*v = 3*q - 4 + 11. Let n = q - -5. List the prime factors of ((-15)/9)/(n/(-6)).
5
Suppose -5*v + 37 + 43 = 0. Let s be v/14*28/8. What are the prime factors of 186/s - 1/2?
2, 23
Suppose -3*d + 874 = z + 3*z, -z = -5*d - 230. What are the prime factors of z?
2, 5, 11
What are the prime factors of 13*233 - (-32)/(4 + -8)?
3, 19, 53
Suppose 5*c - 2*a = -0*c + 41, -8 = c + 5*a. Suppose 3*q - 9 = 0, -c*x + 2*x - 2*q = -16. Suppose -72 = -x*r + 76. What are the prime factors of r?
2, 37
Let x(q) = -q**3 + 9*q**2 - 4*q - 4. Let r be x(4). Let m = 90 - r. List the prime factors of m.
2, 3, 5
Suppose -21*f + 16*f + 15 = 0. Suppose 0 = -2*a - 2 - 4, -f*r + a + 303 = 0. What are the prime factors of r?
2, 5
Let n = -39 - -42. Suppose 220 - 10 = n*y. List the prime factors of y.
2, 5, 7
Let x = -193 - -241. List the prime factors of x.
2, 3
Let b = 921 - 519. List the prime factors of b.
2, 3, 67
Let f(y) = y**3 + 29*y**2 + 31*y + 7. Let t be f(-28). Let d = t - -93. What are the prime factors of d?
2
Suppose -14*s + 700 = -10*s. Suppose -q = h - 126, -h + 5*q + s = 67. What are the prime factors of h?
3, 41
Let k(o) = 2*o**3 + 15*o**2 + 7*o + 2. Let l be k(-7). Let y(m) = 24*m**3 - 3*m**2 + 3*m + 1. What are the prime factors of y(l)?
11, 17
Let t(l) = l**2 + 16*l + 15. What are the prime factors of t(6)?
3, 7
Let i(z) = -2*z**3 - 26*z**2 - 17*z - 48. List the prime factors of i(-16).
2, 5, 11
Suppose -l + 47 = 29. Suppose l*u = 17*u + 149. What are the prime factors of u?
149
Let w = -16 + 12. What are the prime factors of 10*(w + (-108)/(-10))?
2, 17
Suppose 2 = -q + 2*q. Suppose 0*o + 52 = 5*c + 2*o, -5*c + 68 = -q*o. Suppose 0 = 3*w - c - 9. List the prime factors of w.
7
Let y(a) be the second derivative of -1/20*a**5 - 5/12*a**4 - 7/2*a**2 + 0 + 1/6*a**3 + 10*a. List the prime factors of y(-6).
23
Let h(v) = 3*v + 4. List the prime factors of h(6).
2, 11
Let z(b) = 63*b**2 - 3*b - 19. List the prime factors of z(-3).
557
Let v = 295 - -137. List the prime factors of v.
2, 3
Let d(u) = 56*u - 12. Let v(l) = 11